{"id":7753,"date":"2022-09-30T15:38:26","date_gmt":"2022-09-30T13:38:26","guid":{"rendered":"https:\/\/ze-tchater-box-42.blog.ac-lyon.fr\/wordpress\/?page_id=7753"},"modified":"2023-09-21T14:52:58","modified_gmt":"2023-09-21T12:52:58","slug":"on-sentraine","status":"publish","type":"page","link":"https:\/\/ze-tchater-box-42.blog.ac-lyon.fr\/wordpress\/on-sentraine\/","title":{"rendered":"On s&rsquo;entraine &#8211; Cycle 3"},"content":{"rendered":"<div class=\"wp-block-image\">\n<figure class=\"alignright size-large is-resized advgb-dyn-a32563ff\"><img decoding=\"async\" src=\"https:\/\/ze-tchater-box-42.blog.ac-lyon.fr\/wordpress\/wp-content\/uploads\/2022\/09\/girl-gcff19a15f_1280-512x1024.png\" alt=\"\" class=\"wp-image-7769\" style=\"width:129px;height:258px\" width=\"129\" height=\"258\" srcset=\"https:\/\/ze-tchater-box-42.blog.ac-lyon.fr\/wordpress\/wp-content\/uploads\/2022\/09\/girl-gcff19a15f_1280-512x1024.png 512w, https:\/\/ze-tchater-box-42.blog.ac-lyon.fr\/wordpress\/wp-content\/uploads\/2022\/09\/girl-gcff19a15f_1280-150x300.png 150w, https:\/\/ze-tchater-box-42.blog.ac-lyon.fr\/wordpress\/wp-content\/uploads\/2022\/09\/girl-gcff19a15f_1280.png 600w\" sizes=\"(max-width: 129px) 100vw, 129px\" \/><\/figure><\/div>\n\n\n<h3 class=\"wp-block-heading has-text-align-center advgb-dyn-016db7ba\">C&rsquo;est ici que vous trouverez tous les liens vers des activit\u00e9s d&rsquo;entrainement !<br>Quizz, jeux interactifs, vid\u00e9os \u00e0 regarder \u2026. Tous ce qu&rsquo;il faut pour s&rsquo;entrainer seul ou en classe enti\u00e8re !<\/h3>\n","protected":false},"excerpt":{"rendered":"<p>C&rsquo;est ici que vous trouverez tous les liens vers des activit\u00e9s d&rsquo;entrainement !Quizz, jeux interactifs, vid\u00e9os \u00e0 regarder \u2026. Tous ce qu&rsquo;il faut pour s&rsquo;entrainer seul ou en classe enti\u00e8re !<\/p>\n","protected":false},"author":11,"featured_media":0,"parent":0,"menu_order":0,"comment_status":"closed","ping_status":"closed","template":"","meta":{"xn-wppe-expiration":[],"xn-wppe-expiration-action":[],"xn-wppe-expiration-prefix":[],"advgb_blocks_editor_width":"","advgb_blocks_columns_visual_guide":"","_EventAllDay":false,"_EventTimezone":"","_EventStartDate":"","_EventEndDate":"","_EventStartDateUTC":"","_EventEndDateUTC":"","_EventShowMap":false,"_EventShowMapLink":false,"_EventURL":"","_EventCost":"","_EventCostDescription":"","_EventCurrencySymbol":"","_EventCurrencyCode":"","_EventCurrencyPosition":"","_EventDateTimeSeparator":"","_EventTimeRangeSeparator":"","_EventOrganizerID":[],"_EventVenueID":0,"_OrganizerEmail":"","_OrganizerPhone":"","_OrganizerWebsite":"","_VenueAddress":"","_VenueCity":"","_VenueCountry":"","_VenueProvince":"","_VenueZip":"","_VenuePhone":"","_VenueURL":"","_VenueStateProvince":"","_VenueLat":"","_VenueLng":"","footnotes":""},"class_list":["post-7753","page","type-page","status-publish","hentry"],"coauthors":[],"author_meta":{"author_link":"https:\/\/ze-tchater-box-42.blog.ac-lyon.fr\/wordpress\/author\/ewang-chang\/","display_name":"Emily Wang-Chang"},"relative_dates":{"created":"Publi\u00e9 4 ans il y a","modified":"Mis \u00e0 jour 3 ans il y a"},"absolute_dates":{"created":"Publi\u00e9 le 30 septembre 2022","modified":"Mise \u00e0 jour le 21 septembre 2023"},"absolute_dates_time":{"created":"Publi\u00e9 le 30 septembre 2022 15 h 38 min","modified":"Mise \u00e0 jour le 21 septembre 2023 14 h 52 min"},"featured_img_caption":"","featured_img":false,"series_order":"","post_mailing_queue_ids":[],"_links":{"self":[{"href":"https:\/\/ze-tchater-box-42.blog.ac-lyon.fr\/wordpress\/wp-json\/wp\/v2\/pages\/7753","targetHints":{"allow":["GET"]}}],"collection":[{"href":"https:\/\/ze-tchater-box-42.blog.ac-lyon.fr\/wordpress\/wp-json\/wp\/v2\/pages"}],"about":[{"href":"https:\/\/ze-tchater-box-42.blog.ac-lyon.fr\/wordpress\/wp-json\/wp\/v2\/types\/page"}],"author":[{"embeddable":true,"href":"https:\/\/ze-tchater-box-42.blog.ac-lyon.fr\/wordpress\/wp-json\/wp\/v2\/users\/11"}],"replies":[{"embeddable":true,"href":"https:\/\/ze-tchater-box-42.blog.ac-lyon.fr\/wordpress\/wp-json\/wp\/v2\/comments?post=7753"}],"version-history":[{"count":8,"href":"https:\/\/ze-tchater-box-42.blog.ac-lyon.fr\/wordpress\/wp-json\/wp\/v2\/pages\/7753\/revisions"}],"predecessor-version":[{"id":8210,"href":"https:\/\/ze-tchater-box-42.blog.ac-lyon.fr\/wordpress\/wp-json\/wp\/v2\/pages\/7753\/revisions\/8210"}],"wp:attachment":[{"href":"https:\/\/ze-tchater-box-42.blog.ac-lyon.fr\/wordpress\/wp-json\/wp\/v2\/media?parent=7753"}],"curies":[{"name":"wp","href":"https:\/\/api.w.org\/{rel}","templated":true}]}}