{"id":8216,"date":"2023-09-21T15:04:02","date_gmt":"2023-09-21T13:04:02","guid":{"rendered":"https:\/\/ze-tchater-box-42.blog.ac-lyon.fr\/wordpress\/?page_id=8216"},"modified":"2024-01-26T09:46:43","modified_gmt":"2024-01-26T08:46:43","slug":"periode-2-boooh-are-you","status":"publish","type":"page","link":"https:\/\/ze-tchater-box-42.blog.ac-lyon.fr\/wordpress\/mes-podcast-cycle-3\/periode-2-boooh-are-you\/","title":{"rendered":"P\u00e9riode 2 : BOOOh are You ?"},"content":{"rendered":"\n<figure class=\"wp-block-image size-full\"><img decoding=\"async\" width=\"145\" height=\"147\" src=\"https:\/\/ze-tchater-box-42.blog.ac-lyon.fr\/wordpress\/wp-content\/uploads\/2023\/09\/stock-vector-scary-cartoon-monster-halloween-vector-illustration-of-monster-creature-with-angry-face-expression-1780590950.jpg\" alt=\"\" class=\"wp-image-8245\"\/><\/figure>\n\n\n\n<h2 class=\"wp-block-heading\">Podcast 3 : Halloween monsters <a href=\"https:\/\/ze-tchater-box-42.blog.ac-lyon.fr\/wordpress\/wp-content\/uploads\/2023\/10\/C2-pod-2-intro.mp3\" data-type=\"link\" data-id=\"https:\/\/ze-tchater-box-42.blog.ac-lyon.fr\/wordpress\/wp-content\/uploads\/2023\/10\/C2-pod-2-intro.mp3\">Halloween monsters<\/a><\/h2>\n\n\n\n<p><strong>Partie 1 : Pr\u00e9sentation <\/strong><\/p>\n\n\n\n<p>Green monster <a href=\"https:\/\/ze-tchater-box-42.blog.ac-lyon.fr\/wordpress\/wp-content\/uploads\/2023\/10\/C2-pod-3-green-monster.mp3\" data-type=\"link\" data-id=\"https:\/\/ze-tchater-box-42.blog.ac-lyon.fr\/wordpress\/wp-content\/uploads\/2023\/10\/C2-pod-3-green-monster.mp3\">Green monster<\/a><\/p>\n\n\n\n<p> Red monster <a href=\"https:\/\/ze-tchater-box-42.blog.ac-lyon.fr\/wordpress\/wp-content\/uploads\/2023\/10\/C2-pod-3-red-monster.mp3\" data-type=\"link\" data-id=\"https:\/\/ze-tchater-box-42.blog.ac-lyon.fr\/wordpress\/wp-content\/uploads\/2023\/10\/C2-pod-3-red-monster.mp3\">Red monster<\/a><\/p>\n\n\n\n<p>Blue monster <a href=\"https:\/\/ze-tchater-box-42.blog.ac-lyon.fr\/wordpress\/wp-content\/uploads\/2023\/12\/C2-pod-3-blue-monster.mp3\" data-type=\"link\" data-id=\"https:\/\/ze-tchater-box-42.blog.ac-lyon.fr\/wordpress\/wp-content\/uploads\/2023\/12\/C2-pod-3-blue-monster.mp3\">Blue monster<\/a><\/p>\n\n\n\n<p>Pink monster <a href=\"https:\/\/ze-tchater-box-42.blog.ac-lyon.fr\/wordpress\/wp-content\/uploads\/2023\/10\/C2-pod-3-pink-monster.mp3\">Pink monster<\/a><\/p>\n\n\n\n<p>Purlple monster<a href=\"https:\/\/ze-tchater-box-42.blog.ac-lyon.fr\/wordpress\/wp-content\/uploads\/2023\/10\/C2-pod-3-purple-monster.mp3\" data-type=\"link\" data-id=\"https:\/\/ze-tchater-box-42.blog.ac-lyon.fr\/wordpress\/wp-content\/uploads\/2023\/10\/C2-pod-3-purple-monster.mp3\"> Purple monster<\/a><\/p>\n\n\n\n<p>Orange monster <a href=\"https:\/\/ze-tchater-box-42.blog.ac-lyon.fr\/wordpress\/wp-content\/uploads\/2023\/10\/C2-pod-3-orange-monster.mp3\">Orange monster<\/a><\/p>\n\n\n\n<p><strong>Partie 2 : Apports langagiers<\/strong><\/p>\n\n\n\n<p>Chanson pour compter : <a href=\"https:\/\/ladigitale.dev\/digiview\/#\/v\/656d8f4c19ba2\" target=\"_blank\" rel=\"noreferrer noopener\">One, two, buckle my shoe<\/a><\/p>\n\n\n\n<p>Chanson pour apprendre les couleurs : <a href=\"https:\/\/ladigitale.dev\/digiview\/#\/v\/656d8f90a4fb6\" data-type=\"link\" data-id=\"https:\/\/ladigitale.dev\/digiview\/#\/v\/656d8f90a4fb6\" target=\"_blank\" rel=\"noreferrer noopener\">Rainbow colour song<\/a><\/p>\n\n\n\n<p>Chanson pour apprendre les parties du corps : <a href=\"https:\/\/ladigitale.dev\/digiview\/#\/v\/656d902d6e00c\" data-type=\"link\" data-id=\"https:\/\/ladigitale.dev\/digiview\/#\/v\/656d902d6e00c\" target=\"_blank\" rel=\"noreferrer noopener\">Point and touch<\/a><\/p>\n\n\n\n<p>Chanson Bonus : <a href=\"https:\/\/ladigitale.dev\/digiview\/#\/v\/656d9061b8500\" data-type=\"link\" data-id=\"https:\/\/ladigitale.dev\/digiview\/#\/v\/656d9061b8500\" target=\"_blank\" rel=\"noreferrer noopener\">The Halloween Stomp <\/a><\/p>\n\n\n\n<p><strong>Retrouvez des ressources dans la partie<\/strong> <a href=\"https:\/\/ze-tchater-box-42.blog.ac-lyon.fr\/wordpress\/on-sentraine-cycle-3\/on-sentraine-periode-2-boooh-are-you\/\" data-type=\"link\" data-id=\"https:\/\/ze-tchater-box-42.blog.ac-lyon.fr\/wordpress\/on-sentraine-cycle-3\/on-sentraine-periode-2-boooh-are-you\/\" target=\"_blank\" rel=\"noreferrer noopener\">\u00ab\u00a0On s&rsquo;entraine\u00a0\u00bb <\/a>: <a href=\"https:\/\/ze-tchater-box-42.blog.ac-lyon.fr\/wordpress\/wp-content\/uploads\/2022\/12\/Bye-bye-general.mp3\" data-type=\"link\" data-id=\"https:\/\/ze-tchater-box-42.blog.ac-lyon.fr\/wordpress\/wp-content\/uploads\/2022\/12\/Bye-bye-general.mp3\">On s&rsquo;entraine<\/a><\/p>\n\n\n\n<h2 class=\"wp-block-heading\">Podcast 2 : Presenting ourselves <a href=\"https:\/\/ze-tchater-box-42.blog.ac-lyon.fr\/wordpress\/wp-content\/uploads\/2023\/10\/C2-pod-2-intro.mp3\" data-type=\"link\" data-id=\"https:\/\/ze-tchater-box-42.blog.ac-lyon.fr\/wordpress\/wp-content\/uploads\/2023\/10\/C2-pod-2-intro.mp3\">Presenting ourselves<\/a><\/h2>\n\n\n\n<p><strong>Partie 1 : Pr\u00e9sentation<\/strong><\/p>\n\n\n\n<p>Jenny the pirate <a href=\"https:\/\/ze-tchater-box-42.blog.ac-lyon.fr\/wordpress\/wp-content\/uploads\/2023\/10\/C2-pod-2-part-1-Jany.mp3\" data-type=\"link\" data-id=\"https:\/\/ze-tchater-box-42.blog.ac-lyon.fr\/wordpress\/wp-content\/uploads\/2023\/10\/C2-pod-2-part-1-Jany.mp3\">Jenny the pirate<\/a><\/p>\n\n\n\n<p>Tom the tiger <a href=\"https:\/\/ze-tchater-box-42.blog.ac-lyon.fr\/wordpress\/wp-content\/uploads\/2023\/10\/C2-pod-2-part-1-Tom.mp3\" data-type=\"link\" data-id=\"https:\/\/ze-tchater-box-42.blog.ac-lyon.fr\/wordpress\/wp-content\/uploads\/2023\/10\/C2-pod-2-part-1-Tom.mp3\">Tom the tiger<\/a><\/p>\n\n\n\n<p>Milie in a Stitch costume <a href=\"https:\/\/ze-tchater-box-42.blog.ac-lyon.fr\/wordpress\/wp-content\/uploads\/2023\/10\/C2-pod-2-part-1-Mily.mp3\" data-type=\"link\" data-id=\"https:\/\/ze-tchater-box-42.blog.ac-lyon.fr\/wordpress\/wp-content\/uploads\/2023\/10\/C2-pod-2-part-1-Mily.mp3\">Milie in a Stitch costume<\/a><\/p>\n\n\n\n<p><strong>Partie 2 : Apports langagiers<\/strong> <a href=\"https:\/\/ze-tchater-box-42.blog.ac-lyon.fr\/wordpress\/wp-content\/uploads\/2023\/10\/C2-pod-2-part-2-apports.mp3\" data-type=\"link\" data-id=\"https:\/\/ze-tchater-box-42.blog.ac-lyon.fr\/wordpress\/wp-content\/uploads\/2023\/10\/C2-pod-2-part-2-apports.mp3\">apports langagiers<\/a><\/p>\n\n\n\n<p><strong>Retrouvez des ressources dans la partie<\/strong> <a href=\"https:\/\/ze-tchater-box-42.blog.ac-lyon.fr\/wordpress\/on-sentraine-periode-2-boooh-are-you\/\">On s&rsquo;entraine<\/a><\/p>\n\n\n\n<h2 class=\"wp-block-heading\">Podcast 1 : Halloween creatures <a href=\"https:\/\/ze-tchater-box-42.blog.ac-lyon.fr\/wordpress\/wp-content\/uploads\/2023\/10\/C2-pod-1-intro.mp3\">Halloween creatures<\/a><\/h2>\n\n\n\n<p><strong>Partie 1 : Pr\u00e9sentation<\/strong><\/p>\n\n\n\n<p>Ghost <a href=\"https:\/\/ze-tchater-box-42.blog.ac-lyon.fr\/wordpress\/wp-content\/uploads\/2023\/10\/C2-pod-1-part-1-ghost.mp3\">ghost<\/a><\/p>\n\n\n\n<p>Witch <a href=\"https:\/\/ze-tchater-box-42.blog.ac-lyon.fr\/wordpress\/wp-content\/uploads\/2023\/10\/C2-pod-1-part-1-witch.mp3\">witch<\/a><\/p>\n\n\n\n<p>Vampire <a href=\"https:\/\/ze-tchater-box-42.blog.ac-lyon.fr\/wordpress\/wp-content\/uploads\/2023\/10\/C2-pod-1-part-1-vampire.mp3\">vampire<\/a><\/p>\n\n\n\n<p>Monster <a href=\"https:\/\/ze-tchater-box-42.blog.ac-lyon.fr\/wordpress\/wp-content\/uploads\/2023\/10\/C2-pod-1-part-1-monster.mp3\">monster<\/a><\/p>\n\n\n\n<p><strong>Partie 2 : Apports langagiers<\/strong> <a href=\"https:\/\/ze-tchater-box-42.blog.ac-lyon.fr\/wordpress\/wp-content\/uploads\/2023\/10\/C2-pod-1-part-2-apports.mp3\">apports langagiers<\/a><\/p>\n\n\n\n<p><strong>Retrouvez des ressources dans la partie<\/strong> <a href=\"https:\/\/ze-tchater-box-42.blog.ac-lyon.fr\/wordpress\/on-sentraine-periode-2-boooh-are-you\/\">On s&rsquo;entraine<\/a> <a href=\"https:\/\/ze-tchater-box-42.blog.ac-lyon.fr\/wordpress\/wp-content\/uploads\/2022\/12\/Bye-bye-general.mp3\">On s&rsquo;entraine<\/a><\/p>\n","protected":false},"excerpt":{"rendered":"<p>Podcast 3 : Halloween monsters Halloween monsters Partie 1 : Pr\u00e9sentation Green monster Green monster Red monster Red monster Blue monster Blue monster Pink monster Pink monster Purlple monster Purple monster Orange monster Orange monster Partie 2 : Apports langagiers&#8230; <a class=\"more-link\" href=\"https:\/\/ze-tchater-box-42.blog.ac-lyon.fr\/wordpress\/mes-podcast-cycle-3\/periode-2-boooh-are-you\/\">Lire la suite &rarr;<\/a><\/p>\n","protected":false},"author":11,"featured_media":0,"parent":8199,"menu_order":1,"comment_status":"closed","ping_status":"closed","template":"","meta":{"xn-wppe-expiration":[],"xn-wppe-expiration-action":[],"xn-wppe-expiration-prefix":[],"advgb_blocks_editor_width":"","advgb_blocks_columns_visual_guide":"","_EventAllDay":false,"_EventTimezone":"","_EventStartDate":"","_EventEndDate":"","_EventStartDateUTC":"","_EventEndDateUTC":"","_EventShowMap":false,"_EventShowMapLink":false,"_EventURL":"","_EventCost":"","_EventCostDescription":"","_EventCurrencySymbol":"","_EventCurrencyCode":"","_EventCurrencyPosition":"","_EventDateTimeSeparator":"","_EventTimeRangeSeparator":"","_EventOrganizerID":[],"_EventVenueID":0,"_OrganizerEmail":"","_OrganizerPhone":"","_OrganizerWebsite":"","_VenueAddress":"","_VenueCity":"","_VenueCountry":"","_VenueProvince":"","_VenueZip":"","_VenuePhone":"","_VenueURL":"","_VenueStateProvince":"","_VenueLat":"","_VenueLng":"","footnotes":""},"class_list":["post-8216","page","type-page","status-publish","hentry"],"coauthors":[],"author_meta":{"author_link":"https:\/\/ze-tchater-box-42.blog.ac-lyon.fr\/wordpress\/author\/ewang-chang\/","display_name":"Emily Wang-Chang"},"relative_dates":{"created":"Publi\u00e9 3 ans il y a","modified":"Mis \u00e0 jour 2 ans il y a"},"absolute_dates":{"created":"Publi\u00e9 le 21 septembre 2023","modified":"Mise \u00e0 jour le 26 janvier 2024"},"absolute_dates_time":{"created":"Publi\u00e9 le 21 septembre 2023 15 h 04 min","modified":"Mise \u00e0 jour le 26 janvier 2024 9 h 46 min"},"featured_img_caption":"","featured_img":false,"series_order":"","post_mailing_queue_ids":[],"_links":{"self":[{"href":"https:\/\/ze-tchater-box-42.blog.ac-lyon.fr\/wordpress\/wp-json\/wp\/v2\/pages\/8216","targetHints":{"allow":["GET"]}}],"collection":[{"href":"https:\/\/ze-tchater-box-42.blog.ac-lyon.fr\/wordpress\/wp-json\/wp\/v2\/pages"}],"about":[{"href":"https:\/\/ze-tchater-box-42.blog.ac-lyon.fr\/wordpress\/wp-json\/wp\/v2\/types\/page"}],"author":[{"embeddable":true,"href":"https:\/\/ze-tchater-box-42.blog.ac-lyon.fr\/wordpress\/wp-json\/wp\/v2\/users\/11"}],"replies":[{"embeddable":true,"href":"https:\/\/ze-tchater-box-42.blog.ac-lyon.fr\/wordpress\/wp-json\/wp\/v2\/comments?post=8216"}],"version-history":[{"count":8,"href":"https:\/\/ze-tchater-box-42.blog.ac-lyon.fr\/wordpress\/wp-json\/wp\/v2\/pages\/8216\/revisions"}],"predecessor-version":[{"id":8464,"href":"https:\/\/ze-tchater-box-42.blog.ac-lyon.fr\/wordpress\/wp-json\/wp\/v2\/pages\/8216\/revisions\/8464"}],"up":[{"embeddable":true,"href":"https:\/\/ze-tchater-box-42.blog.ac-lyon.fr\/wordpress\/wp-json\/wp\/v2\/pages\/8199"}],"wp:attachment":[{"href":"https:\/\/ze-tchater-box-42.blog.ac-lyon.fr\/wordpress\/wp-json\/wp\/v2\/media?parent=8216"}],"curies":[{"name":"wp","href":"https:\/\/api.w.org\/{rel}","templated":true}]}}