{"id":8222,"date":"2023-09-21T15:05:01","date_gmt":"2023-09-21T13:05:01","guid":{"rendered":"https:\/\/ze-tchater-box-42.blog.ac-lyon.fr\/wordpress\/?page_id=8222"},"modified":"2024-04-05T16:20:30","modified_gmt":"2024-04-05T14:20:30","slug":"periode-4-animals-around-the-world","status":"publish","type":"page","link":"https:\/\/ze-tchater-box-42.blog.ac-lyon.fr\/wordpress\/mes-podcast-cycle-3\/periode-4-animals-around-the-world\/","title":{"rendered":"P\u00e9riode 4 : Animals around the world"},"content":{"rendered":"\n<h2 class=\"wp-block-heading\">Podcast 9 : Bugs <a href=\"https:\/\/ze-tchater-box-42.blog.ac-lyon.fr\/wordpress\/wp-content\/uploads\/2024\/03\/pod-9-intro.mp3\">Bugs<\/a><\/h2>\n\n\n\n<p><strong>Partie 1 : Pr\u00e9sentation <\/strong><\/p>\n\n\n\n<p>Emily <a href=\"https:\/\/ze-tchater-box-42.blog.ac-lyon.fr\/wordpress\/wp-content\/uploads\/2024\/03\/Pod9-mily-1.mp3\">Emily<\/a><\/p>\n\n\n\n<p>Emmanuelle <a href=\"https:\/\/ze-tchater-box-42.blog.ac-lyon.fr\/wordpress\/wp-content\/uploads\/2024\/03\/Pod9-Manue-1.mp3\">Emmanuelle<\/a><\/p>\n\n\n\n<p>Thomas <a href=\"https:\/\/ze-tchater-box-42.blog.ac-lyon.fr\/wordpress\/wp-content\/uploads\/2024\/03\/Pod9-Tom-1.mp3\">Thomas<\/a><\/p>\n\n\n\n<p><strong>Partie 2 : Dialogue<\/strong><\/p>\n\n\n\n<p>Emily <a href=\"https:\/\/ze-tchater-box-42.blog.ac-lyon.fr\/wordpress\/wp-content\/uploads\/2024\/03\/Pod9-mily-2.mp3\">Emily<\/a><\/p>\n\n\n\n<p>Emmanuelle <a href=\"https:\/\/ze-tchater-box-42.blog.ac-lyon.fr\/wordpress\/wp-content\/uploads\/2024\/03\/Pod9-Manue-2.mp3\">Emmanuelle<\/a><\/p>\n\n\n\n<p>Thomas <a href=\"https:\/\/ze-tchater-box-42.blog.ac-lyon.fr\/wordpress\/wp-content\/uploads\/2024\/03\/Pod9-Tom-2.mp3\">Thomas<\/a><\/p>\n\n\n\n<p><strong>Retrouvez des ressources dans la partie<\/strong> <a href=\"https:\/\/ze-tchater-box-42.blog.ac-lyon.fr\/wordpress\/on-sentraine-cycle-3\/on-sentraine-periode-4-animals-around-the-world\/\" target=\"_blank\" rel=\"noreferrer noopener\">\u00ab\u00a0On s&rsquo;entraine\u00a0\u00bb<\/a> <a href=\"https:\/\/ze-tchater-box-42.blog.ac-lyon.fr\/wordpress\/wp-content\/uploads\/2022\/12\/Bye-bye-general.mp3\" data-type=\"link\" data-id=\"https:\/\/ze-tchater-box-42.blog.ac-lyon.fr\/wordpress\/wp-content\/uploads\/2022\/12\/Bye-bye-general.mp3\">On s&rsquo;entraine<\/a><\/p>\n\n\n\n<h2 class=\"wp-block-heading\">Podcast 8 : Forest animals <a href=\"https:\/\/ze-tchater-box-42.blog.ac-lyon.fr\/wordpress\/wp-content\/uploads\/2024\/03\/pod8-intro-3.mp3\">Forest animals<\/a><\/h2>\n\n\n\n<p><strong>Partie 1 : Pr\u00e9sentation <\/strong><\/p>\n\n\n\n<p>Emily <a href=\"https:\/\/ze-tchater-box-42.blog.ac-lyon.fr\/wordpress\/wp-content\/uploads\/2024\/03\/Pod8-mily-1.mp3\">Emily<\/a><\/p>\n\n\n\n<p>Emmanuelle <a href=\"https:\/\/ze-tchater-box-42.blog.ac-lyon.fr\/wordpress\/wp-content\/uploads\/2024\/03\/Pod8-Manue-1.mp3\">Emmanuelle<\/a><\/p>\n\n\n\n<p>Thomas <a href=\"https:\/\/ze-tchater-box-42.blog.ac-lyon.fr\/wordpress\/wp-content\/uploads\/2024\/03\/Pod8-tom-1-2.mp3\">Thomas<\/a><\/p>\n\n\n\n<p><strong>Partie 2 : Dialogue<\/strong><\/p>\n\n\n\n<p>Emily <a href=\"https:\/\/ze-tchater-box-42.blog.ac-lyon.fr\/wordpress\/wp-content\/uploads\/2024\/03\/Pod8-mily-2.mp3\">Emily<\/a><\/p>\n\n\n\n<p>Emmanuelle <a href=\"https:\/\/ze-tchater-box-42.blog.ac-lyon.fr\/wordpress\/wp-content\/uploads\/2024\/03\/Pod8-Manue-2.mp3\">Emmanuelle<\/a><\/p>\n\n\n\n<p>Thomas <a href=\"https:\/\/ze-tchater-box-42.blog.ac-lyon.fr\/wordpress\/wp-content\/uploads\/2024\/03\/Pod8-Tom-2.mp3\">Thomas<\/a><\/p>\n\n\n\n<p><strong>Retrouvez des ressources dans la partie<\/strong> <a href=\"https:\/\/ze-tchater-box-42.blog.ac-lyon.fr\/wordpress\/on-sentraine-cycle-3\/on-sentraine-periode-4-animals-around-the-world\/\" target=\"_blank\" rel=\"noreferrer noopener\">\u00ab\u00a0On s&rsquo;entraine\u00a0\u00bb<\/a> <a href=\"https:\/\/ze-tchater-box-42.blog.ac-lyon.fr\/wordpress\/wp-content\/uploads\/2022\/12\/Bye-bye-general.mp3\" data-type=\"link\" data-id=\"https:\/\/ze-tchater-box-42.blog.ac-lyon.fr\/wordpress\/wp-content\/uploads\/2022\/12\/Bye-bye-general.mp3\">On s&rsquo;entraine<\/a><\/p>\n\n\n\n<h2 class=\"wp-block-heading\">Podcast 7 : Pets <a href=\"https:\/\/ze-tchater-box-42.blog.ac-lyon.fr\/wordpress\/wp-content\/uploads\/2024\/03\/pod7-intro.mp3\">Pets<\/a><\/h2>\n\n\n\n<p><strong>Partie 1 : Pr\u00e9sentation <\/strong><\/p>\n\n\n\n<p>Emily <a href=\"https:\/\/ze-tchater-box-42.blog.ac-lyon.fr\/wordpress\/wp-content\/uploads\/2024\/03\/Pod7-Milly-1.mp3\">Emily<\/a><\/p>\n\n\n\n<p>Emmanuelle <a href=\"https:\/\/ze-tchater-box-42.blog.ac-lyon.fr\/wordpress\/wp-content\/uploads\/2024\/03\/Pod7-Manue-1.mp3\">Emmanuelle<\/a><\/p>\n\n\n\n<p>Thomas <a href=\"https:\/\/ze-tchater-box-42.blog.ac-lyon.fr\/wordpress\/wp-content\/uploads\/2024\/03\/Pod7-tom-1.mp3\">Thomas<\/a><\/p>\n\n\n\n<p><strong>Partie 2 : Dialogue<\/strong><\/p>\n\n\n\n<p>Emily <a href=\"https:\/\/ze-tchater-box-42.blog.ac-lyon.fr\/wordpress\/wp-content\/uploads\/2024\/03\/Pod7-mily-2.mp3\">Emily<\/a><\/p>\n\n\n\n<p>Emmanuelle <a href=\"https:\/\/ze-tchater-box-42.blog.ac-lyon.fr\/wordpress\/wp-content\/uploads\/2024\/03\/Pod7-Manue-2.mp3\">Emmanuelle<\/a><\/p>\n\n\n\n<p>Thomas <a href=\"https:\/\/ze-tchater-box-42.blog.ac-lyon.fr\/wordpress\/wp-content\/uploads\/2024\/03\/Pod7-tom-2.mp3\">Thomas<\/a><\/p>\n\n\n\n<p><strong>Retrouvez des ressources dans la partie<\/strong> <a href=\"https:\/\/ze-tchater-box-42.blog.ac-lyon.fr\/wordpress\/on-sentraine-cycle-3\/on-sentraine-periode-4-animals-around-the-world\/\" target=\"_blank\" rel=\"noreferrer noopener\">\u00ab\u00a0On s&rsquo;entraine\u00a0\u00bb<\/a> <a href=\"https:\/\/ze-tchater-box-42.blog.ac-lyon.fr\/wordpress\/wp-content\/uploads\/2022\/12\/Bye-bye-general.mp3\" data-type=\"link\" data-id=\"https:\/\/ze-tchater-box-42.blog.ac-lyon.fr\/wordpress\/wp-content\/uploads\/2022\/12\/Bye-bye-general.mp3\">On s&rsquo;entraine<\/a><\/p>\n","protected":false},"excerpt":{"rendered":"<p>Podcast 9 : Bugs Bugs Partie 1 : Pr\u00e9sentation Emily Emily Emmanuelle Emmanuelle Thomas Thomas Partie 2 : Dialogue Emily Emily Emmanuelle Emmanuelle Thomas Thomas Retrouvez des ressources dans la partie \u00ab\u00a0On s&rsquo;entraine\u00a0\u00bb On s&rsquo;entraine Podcast 8 : Forest animals&#8230; <a class=\"more-link\" href=\"https:\/\/ze-tchater-box-42.blog.ac-lyon.fr\/wordpress\/mes-podcast-cycle-3\/periode-4-animals-around-the-world\/\">Lire la suite &rarr;<\/a><\/p>\n","protected":false},"author":11,"featured_media":0,"parent":8199,"menu_order":3,"comment_status":"closed","ping_status":"closed","template":"","meta":{"xn-wppe-expiration":[],"xn-wppe-expiration-action":[],"xn-wppe-expiration-prefix":[],"advgb_blocks_editor_width":"","advgb_blocks_columns_visual_guide":"","_EventAllDay":false,"_EventTimezone":"","_EventStartDate":"","_EventEndDate":"","_EventStartDateUTC":"","_EventEndDateUTC":"","_EventShowMap":false,"_EventShowMapLink":false,"_EventURL":"","_EventCost":"","_EventCostDescription":"","_EventCurrencySymbol":"","_EventCurrencyCode":"","_EventCurrencyPosition":"","_EventDateTimeSeparator":"","_EventTimeRangeSeparator":"","_EventOrganizerID":[],"_EventVenueID":0,"_OrganizerEmail":"","_OrganizerPhone":"","_OrganizerWebsite":"","_VenueAddress":"","_VenueCity":"","_VenueCountry":"","_VenueProvince":"","_VenueZip":"","_VenuePhone":"","_VenueURL":"","_VenueStateProvince":"","_VenueLat":"","_VenueLng":"","footnotes":""},"class_list":["post-8222","page","type-page","status-publish","hentry"],"coauthors":[],"author_meta":{"author_link":"https:\/\/ze-tchater-box-42.blog.ac-lyon.fr\/wordpress\/author\/ewang-chang\/","display_name":"Emily Wang-Chang"},"relative_dates":{"created":"Publi\u00e9 3 ans il y a","modified":"Mis \u00e0 jour 2 ans il y a"},"absolute_dates":{"created":"Publi\u00e9 le 21 septembre 2023","modified":"Mise \u00e0 jour le 5 avril 2024"},"absolute_dates_time":{"created":"Publi\u00e9 le 21 septembre 2023 15 h 05 min","modified":"Mise \u00e0 jour le 5 avril 2024 16 h 20 min"},"featured_img_caption":"","featured_img":false,"series_order":"","post_mailing_queue_ids":[],"_links":{"self":[{"href":"https:\/\/ze-tchater-box-42.blog.ac-lyon.fr\/wordpress\/wp-json\/wp\/v2\/pages\/8222","targetHints":{"allow":["GET"]}}],"collection":[{"href":"https:\/\/ze-tchater-box-42.blog.ac-lyon.fr\/wordpress\/wp-json\/wp\/v2\/pages"}],"about":[{"href":"https:\/\/ze-tchater-box-42.blog.ac-lyon.fr\/wordpress\/wp-json\/wp\/v2\/types\/page"}],"author":[{"embeddable":true,"href":"https:\/\/ze-tchater-box-42.blog.ac-lyon.fr\/wordpress\/wp-json\/wp\/v2\/users\/11"}],"replies":[{"embeddable":true,"href":"https:\/\/ze-tchater-box-42.blog.ac-lyon.fr\/wordpress\/wp-json\/wp\/v2\/comments?post=8222"}],"version-history":[{"count":4,"href":"https:\/\/ze-tchater-box-42.blog.ac-lyon.fr\/wordpress\/wp-json\/wp\/v2\/pages\/8222\/revisions"}],"predecessor-version":[{"id":8587,"href":"https:\/\/ze-tchater-box-42.blog.ac-lyon.fr\/wordpress\/wp-json\/wp\/v2\/pages\/8222\/revisions\/8587"}],"up":[{"embeddable":true,"href":"https:\/\/ze-tchater-box-42.blog.ac-lyon.fr\/wordpress\/wp-json\/wp\/v2\/pages\/8199"}],"wp:attachment":[{"href":"https:\/\/ze-tchater-box-42.blog.ac-lyon.fr\/wordpress\/wp-json\/wp\/v2\/media?parent=8222"}],"curies":[{"name":"wp","href":"https:\/\/api.w.org\/{rel}","templated":true}]}}